{"id":2827,"date":"2025-06-25T10:58:45","date_gmt":"2025-06-25T08:58:45","guid":{"rendered":"https:\/\/thehelices.com\/?post_type=product&#038;p=2827"},"modified":"2025-07-25T14:44:48","modified_gmt":"2025-07-25T12:44:48","slug":"carte-cadeau","status":"publish","type":"product","link":"https:\/\/thehelices.com\/index.php\/produit\/carte-cadeau\/","title":{"rendered":"Carte Cadeau"},"content":{"rendered":"\t\t<div data-elementor-type=\"product-post\" data-elementor-id=\"2827\" class=\"elementor elementor-2827\" data-elementor-post-type=\"product\">\n\t\t\t\t\t\t<section data-particle_enable=\"false\" data-particle-mobile-disabled=\"false\" class=\"elementor-section elementor-top-section elementor-element elementor-element-e421d37 elementor-section-content-middle elementor-section-stretched elementor-section-height-min-height elementor-section-boxed elementor-section-height-default elementor-section-items-middle\" data-id=\"e421d37\" data-element_type=\"section\" data-e-type=\"section\" data-settings=\"{&quot;background_background&quot;:&quot;slideshow&quot;,&quot;stretch_section&quot;:&quot;section-stretched&quot;,&quot;background_slideshow_gallery&quot;:[{&quot;id&quot;:3694,&quot;url&quot;:&quot;https:\\\/\\\/thehelices.com\\\/wp-content\\\/uploads\\\/2025\\\/06\\\/Carte-cadeau-2.png&quot;}],&quot;xpro_backdrop_filter&quot;:&quot;yes&quot;,&quot;background_slideshow_loop&quot;:&quot;yes&quot;,&quot;background_slideshow_slide_duration&quot;:5000,&quot;background_slideshow_slide_transition&quot;:&quot;fade&quot;,&quot;background_slideshow_transition_duration&quot;:500}\">\n\t\t\t\t\t\t\t<div class=\"elementor-background-overlay\"><\/div>\n\t\t\t\t\t\t\t<div class=\"elementor-container elementor-column-gap-wide\">\n\t\t\t\t\t<div class=\"elementor-column elementor-col-100 elementor-top-column elementor-element elementor-element-803034a\" data-id=\"803034a\" data-element_type=\"column\" data-e-type=\"column\">\n\t\t\t<div class=\"elementor-widget-wrap elementor-element-populated\">\n\t\t\t\t\t\t<div class=\"elementor-element elementor-element-d37dd76 elementor-widget elementor-widget-heading\" data-id=\"d37dd76\" data-element_type=\"widget\" data-e-type=\"widget\" data-widget_type=\"heading.default\">\n\t\t\t\t<div class=\"elementor-widget-container\">\n\t\t\t\t\t<h1 class=\"elementor-heading-title elementor-size-default\">Carte cadeau<\/h1>\t\t\t\t<\/div>\n\t\t\t\t<\/div>\n\t\t\t\t<div class=\"elementor-element elementor-element-9e07b39 elementor-widget elementor-widget-text-editor\" data-id=\"9e07b39\" data-element_type=\"widget\" data-e-type=\"widget\" data-widget_type=\"text-editor.default\">\n\t\t\t\t<div class=\"elementor-widget-container\">\n\t\t\t\t\t\t\t\t\t<p><span style=\"font-weight: 400;\">Plus qu\u2019une coiffure : la carte cadeau Helices offre du confort, du style et du self care \u00e0 domicile pour les hommes afrodescendants.<\/span><\/p>\t\t\t\t\t\t\t\t<\/div>\n\t\t\t\t<\/div>\n\t\t\t\t\t<\/div>\n\t\t<\/div>\n\t\t\t\t\t<\/div>\n\t\t<\/section>\n\t\t\t\t<section data-particle_enable=\"false\" data-particle-mobile-disabled=\"false\" class=\"elementor-section elementor-top-section elementor-element elementor-element-a0e9673 elementor-section-content-middle elementor-section-stretched elementor-section-boxed elementor-section-height-default elementor-section-height-default\" data-id=\"a0e9673\" data-element_type=\"section\" data-e-type=\"section\" data-settings=\"{&quot;background_background&quot;:&quot;classic&quot;,&quot;stretch_section&quot;:&quot;section-stretched&quot;}\">\n\t\t\t\t\t\t\t<div class=\"elementor-background-overlay\"><\/div>\n\t\t\t\t\t\t\t<div class=\"elementor-container elementor-column-gap-wide\">\n\t\t\t\t\t<div class=\"elementor-column elementor-col-100 elementor-top-column elementor-element elementor-element-de37ed2\" data-id=\"de37ed2\" data-element_type=\"column\" data-e-type=\"column\">\n\t\t\t<div class=\"elementor-widget-wrap elementor-element-populated\">\n\t\t\t\t\t\t<div class=\"elementor-element elementor-element-f600d11 elementor-widget elementor-widget-eael-breadcrumbs\" data-id=\"f600d11\" data-element_type=\"widget\" data-e-type=\"widget\" data-widget_type=\"eael-breadcrumbs.default\">\n\t\t\t\t<div class=\"elementor-widget-container\">\n\t\t\t\t\t\t\t<div class=\"eael-breadcrumbs\">\n\t\t\t<nav class=\"eael-breadcrumbs__content woocommerce-breadcrumb\" aria-label=\"Breadcrumb\">Home<\/nav>\t\t<\/div>\n\t\t\t\t\t\t<\/div>\n\t\t\t\t<\/div>\n\t\t\t\t\t<\/div>\n\t\t<\/div>\n\t\t\t\t\t<\/div>\n\t\t<\/section>\n\t\t<div data-particle_enable=\"false\" data-particle-mobile-disabled=\"false\" class=\"elementor-element elementor-element-0508611 e-flex e-con-boxed e-con e-parent\" data-id=\"0508611\" data-element_type=\"container\" data-e-type=\"container\">\n\t\t\t\t\t<div class=\"e-con-inner\">\n\t\t<div data-particle_enable=\"false\" data-particle-mobile-disabled=\"false\" class=\"elementor-element elementor-element-dc5f23f e-con-full e-flex e-con e-child\" data-id=\"dc5f23f\" data-element_type=\"container\" data-e-type=\"container\">\n\t\t\t\t<div class=\"elementor-element elementor-element-e643347 elementor-widget elementor-widget-heading\" data-id=\"e643347\" data-element_type=\"widget\" data-e-type=\"widget\" data-widget_type=\"heading.default\">\n\t\t\t\t<div class=\"elementor-widget-container\">\n\t\t\t\t\t<h2 class=\"elementor-heading-title elementor-size-default\">Une attention elegante pour ceux qui comptent.<\/h2>\t\t\t\t<\/div>\n\t\t\t\t<\/div>\n\t\t\t\t<div class=\"elementor-element elementor-element-f06d7d9 elementor-widget elementor-widget-text-editor\" data-id=\"f06d7d9\" data-element_type=\"widget\" data-e-type=\"widget\" data-widget_type=\"text-editor.default\">\n\t\t\t\t<div class=\"elementor-widget-container\">\n\t\t\t\t\t\t\t\t\t<p>Chez Helices, on sait ce que c\u2019est : sortir tard du boulot alors que les salons sont ferm\u00e9s. Attendre des heures dans une file bond\u00e9e le week-end. Organiser toute une logistique pour coiffer les enfants et vous-m\u00eame dans la cohue de la ville. Sans parler de la gal\u00e8re pour trouver une place de parking \u2026 Autant de contraintes qui p\u00e8sent sur votre quotidien.<br \/><br \/>Si\u00a0<b>votre temps vaut autant que votre allure<\/b>, c&rsquo;est pour vous que nous avons cr\u00e9\u00e9 notre service de coiffure afro \u00e0 domicile.<\/p><p>Plus besoin de courir, plus besoin d\u2019attendre : disponible \u00e0\u00a0<b>Bruxelles et dans ses 19 communes<\/b>, notre\u00a0<b>coiffeur afro sp\u00e9cialis\u00e9<\/b>\u00a0se d\u00e9place directement chez vous, \u00e0 l\u2019heure qui vous convient &#8211;\u00a0<b>m\u00eame le dimanche<\/b>.\u00a0<\/p><p>Parce que vous m\u00e9ritez un service sur-mesure, pens\u00e9 pour votre r\u00e9alit\u00e9.\u00a0 Avec soin, pr\u00e9cision,\u00a0<b>respect de votre emploi du temps<\/b>\u00a0et surtout la\u00a0<b>parfaite ma\u00eetrise des cheveux afro<\/b>.<\/p>\t\t\t\t\t\t\t\t<\/div>\n\t\t\t\t<\/div>\n\t\t\t\t<div class=\"elementor-element elementor-element-02ee302 elementor-widget elementor-widget-image\" data-id=\"02ee302\" data-element_type=\"widget\" data-e-type=\"widget\" data-widget_type=\"image.default\">\n\t\t\t\t<div class=\"elementor-widget-container\">\n\t\t\t\t\t\t\t\t\t\t\t\t\t\t\t<img fetchpriority=\"high\" decoding=\"async\" width=\"1024\" height=\"683\" src=\"https:\/\/thehelices.com\/wp-content\/uploads\/2025\/06\/image-carte-cadeau-1024x683.png\" class=\"attachment-large size-large wp-image-4642\" alt=\"\" srcset=\"https:\/\/thehelices.com\/wp-content\/uploads\/2025\/06\/image-carte-cadeau-1024x683.png 1024w, https:\/\/thehelices.com\/wp-content\/uploads\/2025\/06\/image-carte-cadeau-300x200.png 300w, https:\/\/thehelices.com\/wp-content\/uploads\/2025\/06\/image-carte-cadeau-768x512.png 768w, https:\/\/thehelices.com\/wp-content\/uploads\/2025\/06\/image-carte-cadeau-600x400.png 600w, https:\/\/thehelices.com\/wp-content\/uploads\/2025\/06\/image-carte-cadeau.png 1536w\" sizes=\"(max-width: 1024px) 100vw, 1024px\" \/>\t\t\t\t\t\t\t\t\t\t\t\t\t\t\t<\/div>\n\t\t\t\t<\/div>\n\t\t\t\t<div class=\"elementor-element elementor-element-e771482 elementor-widget elementor-widget-heading\" data-id=\"e771482\" data-element_type=\"widget\" data-e-type=\"widget\" data-widget_type=\"heading.default\">\n\t\t\t\t<div class=\"elementor-widget-container\">\n\t\t\t\t\t<h2 class=\"elementor-heading-title elementor-size-default\">Carte cadeau Helices<\/h2>\t\t\t\t<\/div>\n\t\t\t\t<\/div>\n\t\t\t\t<div class=\"elementor-element elementor-element-8572d0c elementor-widget elementor-widget-text-editor\" data-id=\"8572d0c\" data-element_type=\"widget\" data-e-type=\"widget\" data-widget_type=\"text-editor.default\">\n\t\t\t\t<div class=\"elementor-widget-container\">\n\t\t\t\t\t\t\t\t\t<p><span style=\"font-weight: 400;\">Cette carte cadeau permet de b\u00e9n\u00e9ficier d\u2019un <\/span><b>grooming complet sur-mesure<\/b><span style=\"font-weight: 400;\">, directement \u00e0 domicile. Une prestation haut de gamme qui associe <\/span><b>coiffure afro premium<\/b><span style=\"font-weight: 400;\"> et <\/span><b>soin du visage complet<\/b><span style=\"font-weight: 400;\">, pour un moment de d\u00e9tente, de style et de self care parfaitement adapt\u00e9 \u00e0 ses besoins.<\/span><\/p>\t\t\t\t\t\t\t\t<\/div>\n\t\t\t\t<\/div>\n\t\t\t\t<\/div>\n\t\t<div data-particle_enable=\"false\" data-particle-mobile-disabled=\"false\" class=\"elementor-element elementor-element-ac86e79 e-con-full e-flex e-con e-child\" data-id=\"ac86e79\" data-element_type=\"container\" data-e-type=\"container\">\n\t\t<div data-particle_enable=\"false\" data-particle-mobile-disabled=\"false\" class=\"elementor-element elementor-element-834278a e-con-full e-flex e-con e-child\" data-id=\"834278a\" data-element_type=\"container\" data-e-type=\"container\">\n\t\t\t\t<div class=\"elementor-element elementor-element-1fd2155 eael-add-to-cart--layout-row elementor-widget elementor-widget-eael-woo-add-to-cart\" data-id=\"1fd2155\" data-element_type=\"widget\" data-e-type=\"widget\" data-widget_type=\"eael-woo-add-to-cart.default\">\n\t\t\t\t<div class=\"elementor-widget-container\">\n\t\t\t\t\t      <div class=\"eael-single-product-add-to-cart\">\n\t\t\t\t\t\t\t<div class=\"eael-add-to-cart-wrapper eael-product-wgm_gift_card\">\n               \n\t\n\t<form class=\"cart\" action=\"https:\/\/thehelices.com\/index.php\/produit\/carte-cadeau\/\" method=\"post\" enctype='multipart\/form-data'>\n\t\t<input type=\"hidden\" id=\"wps_wgm_single_nonce_field\" name=\"wps_wgm_single_nonce_field\" value=\"ee1c50ce61\" \/><input type=\"hidden\" name=\"_wp_http_referer\" value=\"\/index.php\/wp-json\/wp\/v2\/product\/2827\" \/><div class=\"wps_wgm_added_wrapper wps-gc_lay-2\"><p class=\"wps_wgm_section selected_price_type\">\n\t\t\t\t\t\t\t\t\t\t\t\t\t<label class=\"wps_wgc_label\">Choose Gift Card Selected Price <\/label><br \/><select name=\"wps_wgm_price\" class=\"wps_wgm_price\" id=\"wps_wgm_price\"><option value=\"150\"><span class=\"woocommerce-Price-amount amount\"><span class=\"woocommerce-Price-currencySymbol\">&euro;<\/span>&nbsp;150,00<\/span><\/option><option value=\"300\"><span class=\"woocommerce-Price-amount amount\"><span class=\"woocommerce-Price-currencySymbol\">&euro;<\/span>&nbsp;300,00<\/span><\/option><option value=\"450\"><span class=\"woocommerce-Price-amount amount\"><span class=\"woocommerce-Price-currencySymbol\">&euro;<\/span>&nbsp;450,00<\/span><\/option><\/select><\/p><div class='wps_wgm_new_layout_for_from_select'><p class=\"wps_wgm_section wps_from\">\n\t\t\t\t\t\t\t\t\t<label class=\"wps_wgc_label\">From<\/label>\t\n\t\t\t\t\t\t\t\t\t<input type=\"text\" name=\"wps_wgm_from_name\" id=\"wps_wgm_from_name\" class=\"wps_wgm_from_name\" placeholder=\"Enter the sender name\">\n\t\t\t\t\t\t\t\t\t<\/p><\/div><p class=\"wps_wgm_section wps_message\">\n\t\t\t\t\t\t\t<label class=\"wps_wgc_label\">Gift Message <\/label>\t\n\t\t\t\t\t\t\t<textarea name=\"wps_wgm_message\" id=\"wps_wgm_message\" class=\"wps_wgm_message\"><\/textarea><span class=\"wps_wgm_message_length\">Characters: ( <span class=\"wps_box_char\">0<\/span>\/300)<\/span>\t\t\t\t\t\t\t\n\t\t\t\t\t\t\t<\/p><div class=\"wps_wgm_section wps_delivery_method\"><label class=\"wps_wgc_label\">Delivery Method<\/label><div class=\"wps_wgm_delivery_method \">\n\t\t\t\t\t\t\t\t\t\t\t<input type=\"radio\" name=\"wps_wgm_send_giftcard\" value=\"Mail to recipient\" class=\"wps_wgm_send_giftcard\" checked=\"checked\" id=\"wps_wgm_to_email_send\">\n\t\t\t\t\t\t\t\t\t\t\t<span class=\"wps_wgm_method\">Mail To Recipient<\/span>\n\t\t\t\t\t\t\t\t\t\t\t<div class=\"wps_wgm_delivery_via_email\">\n\t\t\t\t\t\t\t\t\t\t\t\t<input type=\"text\" name=\"wps_wgm_to_email\" id=\"wps_wgm_to_email\" class=\"wps_wgm_to_email\" placeholder=\"Enter the Recipient Email\">\n\t\t\t\t\t\t\t\t\t\t\t\t\n\t\t\t\t\t\t\t\t\t\t\t\t<input type=\"text\" name=\"wps_wgm_to_name_optional\" id=\"wps_wgm_to_name_optional\" class=\"wps_wgm_to_email\" placeholder=\"Enter the Recipient Name\">\n\t\t\t\t\t\t\t\t\t\t\t\t<span class=\"wps_wgm_msg_info\">We will send it to the recipient's email address<\/span>\n\t\t\t\t\t\t\t\t\t\t\t\t<span class=\"wps_wgm_msg_info_multiple_name\"><\/span>\n\t\t\t\t\t\t\t\t\t\t\t<\/div>\n\t\t\t\t\t\t\t\t\t\t<\/div><\/div><input name=\"add-to-cart\" value=\"2827\" type=\"hidden\" class=\"wps_wgm_hidden_pro_id\"><input name=\"wps_wgm_selected_temp\" id=\"wps_wgm_selected_temp\" value=\"2819\" type=\"hidden\"><\/div>\n\t\t<div class=\"quantity\">\n\t\t<label class=\"screen-reader-text\" for=\"quantity_69e4e8db6c7ae\">quantit\u00e9 de Carte Cadeau<\/label>\n\t<input\n\t\ttype=\"number\"\n\t\t\t\tid=\"quantity_69e4e8db6c7ae\"\n\t\tclass=\"input-text qty text\"\n\t\tname=\"quantity\"\n\t\tvalue=\"1\"\n\t\taria-label=\"Product quantity\"\n\t\t\t\tmin=\"1\"\n\t\t\t\t\t\t\tstep=\"1\"\n\t\t\tplaceholder=\"\"\n\t\t\tinputmode=\"numeric\"\n\t\t\tautocomplete=\"off\"\n\t\t\t\/>\n\t<\/div>\n\n\t\t<button type=\"submit\" name=\"add-to-cart\" value=\"2827\" class=\"single_add_to_cart_button button alt\"><svg aria-hidden=\"true\" class=\"e-font-icon-svg e-fas-cart-plus\" viewBox=\"0 0 576 512\" xmlns=\"http:\/\/www.w3.org\/2000\/svg\"><path d=\"M504.717 320H211.572l6.545 32h268.418c15.401 0 26.816 14.301 23.403 29.319l-5.517 24.276C523.112 414.668 536 433.828 536 456c0 31.202-25.519 56.444-56.824 55.994-29.823-.429-54.35-24.631-55.155-54.447-.44-16.287 6.085-31.049 16.803-41.548H231.176C241.553 426.165 248 440.326 248 456c0 31.813-26.528 57.431-58.67 55.938-28.54-1.325-51.751-24.385-53.251-52.917-1.158-22.034 10.436-41.455 28.051-51.586L93.883 64H24C10.745 64 0 53.255 0 40V24C0 10.745 10.745 0 24 0h102.529c11.401 0 21.228 8.021 23.513 19.19L159.208 64H551.99c15.401 0 26.816 14.301 23.403 29.319l-47.273 208C525.637 312.246 515.923 320 504.717 320zM408 168h-48v-40c0-8.837-7.163-16-16-16h-16c-8.837 0-16 7.163-16 16v40h-48c-8.837 0-16 7.163-16 16v16c0 8.837 7.163 16 16 16h48v40c0 8.837 7.163 16 16 16h16c8.837 0 16-7.163 16-16v-40h48c8.837 0 16-7.163 16-16v-16c0-8.837-7.163-16-16-16z\"><\/path><\/svg>Add to cart<\/button>\n\n\t\t\t<\/form>\n\n\t\n            <\/div>\n\t\t\t\t            \n      <\/div>\n      \t\t\t\t<\/div>\n\t\t\t\t<\/div>\n\t\t\t\t<\/div>\n\t\t\t\t<\/div>\n\t\t\t\t\t<\/div>\n\t\t\t\t<\/div>\n\t\t\t\t<\/div>\n\t\t","protected":false},"excerpt":{"rendered":"<p>Lorem ipsum dolor sit amet, consectetur adipiscing elit, sed do eiusmod tempor incididunt ut labore et dolore magna aliqua. Ut enim ad minim veniam, quis nostrud.<\/p>\n","protected":false},"featured_media":3694,"comment_status":"closed","ping_status":"closed","template":"","meta":{"site-sidebar-layout":"default","site-content-layout":"","ast-site-content-layout":"default","site-content-style":"default","site-sidebar-style":"default","ast-global-header-display":"","ast-banner-title-visibility":"","ast-main-header-display":"","ast-hfb-above-header-display":"","ast-hfb-below-header-display":"","ast-hfb-mobile-header-display":"","site-post-title":"","ast-breadcrumbs-content":"","ast-featured-img":"disabled","footer-sml-layout":"disabled","theme-transparent-header-meta":"default","adv-header-id-meta":"","stick-header-meta":"","header-above-stick-meta":"","header-main-stick-meta":"","header-below-stick-meta":"","astra-migrate-meta-layouts":"set","ast-page-background-enabled":"default","ast-page-background-meta":{"desktop":{"background-color":"var(--ast-global-color-5)","background-image":"","background-repeat":"repeat","background-position":"center center","background-size":"auto","background-attachment":"scroll","background-type":"","background-media":"","overlay-type":"","overlay-color":"","overlay-opacity":"","overlay-gradient":""},"tablet":{"background-color":"","background-image":"","background-repeat":"repeat","background-position":"center center","background-size":"auto","background-attachment":"scroll","background-type":"","background-media":"","overlay-type":"","overlay-color":"","overlay-opacity":"","overlay-gradient":""},"mobile":{"background-color":"","background-image":"","background-repeat":"repeat","background-position":"center center","background-size":"auto","background-attachment":"scroll","background-type":"","background-media":"","overlay-type":"","overlay-color":"","overlay-opacity":"","overlay-gradient":""}},"ast-content-background-meta":{"desktop":{"background-color":"var(--ast-global-color-4)","background-image":"","background-repeat":"repeat","background-position":"center center","background-size":"auto","background-attachment":"scroll","background-type":"","background-media":"","overlay-type":"","overlay-color":"","overlay-opacity":"","overlay-gradient":""},"tablet":{"background-color":"var(--ast-global-color-4)","background-image":"","background-repeat":"repeat","background-position":"center center","background-size":"auto","background-attachment":"scroll","background-type":"","background-media":"","overlay-type":"","overlay-color":"","overlay-opacity":"","overlay-gradient":""},"mobile":{"background-color":"var(--ast-global-color-4)","background-image":"","background-repeat":"repeat","background-position":"center center","background-size":"auto","background-attachment":"scroll","background-type":"","background-media":"","overlay-type":"","overlay-color":"","overlay-opacity":"","overlay-gradient":""}}},"product_brand":[],"product_cat":[29],"product_tag":[],"class_list":{"0":"post-2827","1":"product","2":"type-product","3":"status-publish","4":"has-post-thumbnail","6":"product_cat-wps_wgm_giftcard","7":"desktop-align-left","8":"tablet-align-left","9":"mobile-align-left","11":"first","12":"instock","13":"shipping-taxable","14":"purchasable","15":"product-type-wgm_gift_card"},"_links":{"self":[{"href":"https:\/\/thehelices.com\/index.php\/wp-json\/wp\/v2\/product\/2827","targetHints":{"allow":["GET"]}}],"collection":[{"href":"https:\/\/thehelices.com\/index.php\/wp-json\/wp\/v2\/product"}],"about":[{"href":"https:\/\/thehelices.com\/index.php\/wp-json\/wp\/v2\/types\/product"}],"replies":[{"embeddable":true,"href":"https:\/\/thehelices.com\/index.php\/wp-json\/wp\/v2\/comments?post=2827"}],"version-history":[{"count":90,"href":"https:\/\/thehelices.com\/index.php\/wp-json\/wp\/v2\/product\/2827\/revisions"}],"predecessor-version":[{"id":4728,"href":"https:\/\/thehelices.com\/index.php\/wp-json\/wp\/v2\/product\/2827\/revisions\/4728"}],"wp:featuredmedia":[{"embeddable":true,"href":"https:\/\/thehelices.com\/index.php\/wp-json\/wp\/v2\/media\/3694"}],"wp:attachment":[{"href":"https:\/\/thehelices.com\/index.php\/wp-json\/wp\/v2\/media?parent=2827"}],"wp:term":[{"taxonomy":"product_brand","embeddable":true,"href":"https:\/\/thehelices.com\/index.php\/wp-json\/wp\/v2\/product_brand?post=2827"},{"taxonomy":"product_cat","embeddable":true,"href":"https:\/\/thehelices.com\/index.php\/wp-json\/wp\/v2\/product_cat?post=2827"},{"taxonomy":"product_tag","embeddable":true,"href":"https:\/\/thehelices.com\/index.php\/wp-json\/wp\/v2\/product_tag?post=2827"}],"curies":[{"name":"wp","href":"https:\/\/api.w.org\/{rel}","templated":true}]}}